v = 3*o - l, o + 3 - 21 = 3*l. Let m(t) = -2*t**2 + 3*t - 2. What is m(o)?
-11
Let m be 1*(-1 + 1 + 21). Let b = -19 + m. Let w(r) = r**b - 7 + 7. Calculate w(1).
1
Let n(s) = -2*s. Let q be (-141)/7 - (-9)/63. Let l = 21 + q. What is n(l)?
-2
Let k(c) = 3*c - 7. Let o be k(4). Let a(p) = -6*p**3 + p**2 + 3*p + 2. Let h(l) = -7*l**3 + 2*l**2 + 4*l + 2. Let m(q) = o*a(q) - 4*h(q). Calculate m(-2).
8
Let j(u) = 2*u - 29. Let z be j(13). Let s(f) = -7*f - 7. Let d(c) = 15*c + 14. Let x(o) = 6*d(o) + 13*s(o). Give x(z).
-4
Let b(l) = -l**3 - 7*l**2. Let d(z) = z**2. Let p(o) = b(o) + 4*d(o). Let q(c) = c**2 + 6*c - 3. Let h = -24 - -18. Let x be q(h). What is p(x)?
0
Let i(d) = d**2 + 2*d - 6. Let s be i(-4). Let v(o) be the third derivative of 5*o**s + 0 - 1/60*o**5 + 0*o - 1/24*o**4 + 1/3*o**3. Determine v(2).
-4
Let u(w) = w**3 - 6*w**2 + 5*w - 1. Suppose 0 = -3*b - 2*c + 26, 7*b - 10*b = -3*c - 6. What is u(b)?
29
Let k(c) = 123*c - 59*c + 0 - 66*c + 14. Give k(-6).
26
Let r be 70/(-15)*(-18)/2. Suppose 2*k - r = -46. Let f(m) = -6*m. Determine f(k).
12
Suppose -49 = 7*a + 42*a. Let z(t) = -9*t**3 - t**2 - 2*t - 1. What is z(a)?
9
Let v(r) = -3141*r**2 + 7 + 3142*r**2 - r + 7*r. Determine v(-7).
14
Let f be ((-95)/30)/(-1) - 6/2. Let z(a) be the second derivative of -f*a**3 + 0 + 4*a - 9/2*a**2. Determine z(-4).
-5
Let t(q) be the second derivative of q**5/20 - 3*q**4/4 + 7*q**3/6 + 3*q**2/2 - 197*q. What is t(8)?
-5
Let p(f) = 2*f**2 + 3*f. Suppose -2*j - 22 = 9*j. Give p(j).
2
Let i(b) = -b - 3. Suppose 4*o - 58 = 2*p, 5*o - 5*p = 25 + 60. Let f be ((-14)/21)/(1/o). Determine i(f).
5
Let h be (18/6)/((-6)/(-82)). Let d = 40 - h. Let o(p) = -16*p + 2 + 3*p - 2. Give o(d).
13
Let k = 17 - 35. Let r = k + 23. Suppose -5*v + z + 2 = 0, 7*v = 2*v + r*z + 10. Let b(o) = o**3 - o**2 - 1. Give b(v).
-1
Let t(c) = c**3 - c - 14. Let h(a) = a**3 + 8*a**2 - 2*a - 16. Let r = 39 - 47. Let w be h(r). What is t(w)?
-14
Suppose -2*f = -6*f + 4*h + 4, f = 3*h - 3. Let n(q) = q**2 - 2*q - 3. Calculate n(f).
0
Let k(o) = -o**3 + 7*o**2 + 2*o + 2. Let b(t) = -3*t**3 + 22*t**2 + 6*t + 7. Let c(g) = 2*b(g) - 7*k(g). Let z be -5*(-2 + (5 - 3 - 1)). Give c(z).
-10
Let p(j) = 5*j**3 - 6*j**2 - 10*j + 1. Let v be ((-56)/(-6))/7*-3. Let f(o) = -9*o**3 + 11*o**2 + 19*o - 2. Let a(g) = v*f(g) - 7*p(g). Give a(4).
9
Let z(r) be the first derivative of -r**4/4 + r**3 + r**2/2 + 1. Let p = 93 + -185. Let l = -89 - p. Determine z(l).
3
Let a(u) = u + 26. Let w(l) = 6. Let q(g) = -2*a(g) + 6*w(g). Calculate q(-8).
0
Let z(f) = -2*f. Let g be z(-1). Let y(n) = 4*n**2 - n**3 + 8 + 0*n**g + n - 3*n**2. Let q = -19 - -19. Calculate y(q).
8
Let t(l) = 7*l + l**2 + 0*l**2 + l**2 + 5 - 2*l. Let d = -6 - -2. Give t(d).
17
Let s(i) be the first derivative of i**2 - 3*i - 1. Let f(v) = v**3 - 12*v**2 - 35*v - 11. Let j be f(14). Let h = 113 + j. Determine s(h).
5
Let h(z) = z - 8. Let j(x) = -6*x - 30. Let v(w) = 5*w + 31. Let r(i) = 4*j(i) + 5*v(i). Let u be r(-16). Let a = -13 + u. Calculate h(a).
-2
Let f(p) = p**2 - 1. Let d = 1 - -5. Suppose n - 23 = -5*y, 5*n - 2*y - y - 3 = 0. Let q be 2 - n/d*0. Calculate f(q).
3
Suppose 251 = 11*c + 42. Let v(n) = n - 16. Calculate v(c).
3
Suppose 3*h = 2*h + 3. Let n(r) be the second derivative of r**5/120 + r**4/24 - r**3/6 - 8*r. Let i(u) be the second derivative of n(u). Determine i(h).
4
Let w(v) be the first derivative of 12 - 1/2*v**2 + 14*v. Determine w(7).
7
Suppose c = -3*g + g + 5, 0 = -2*c - 2*g + 6. Let u = c + 2. Let v(y) be the first derivative of y**3/3 - 3*y**2/2 + 4*y + 2. Determine v(u).
4
Let d(j) be the first derivative of 3*j**2/2 + 2*j - 204. Give d(-1).
-1
Let s(p) = -3*p**2 - 14*p - 13. Let i be s(-3). Let m(o) = o**2 - 3 - 2*o**3 + 3*o + 3*o**2 - 2*o**2. Calculate m(i).
-5
Let p(f) = f**3 - 4*f**2 + 6*f - 2. Let k(u) = -6*u**3 + 19*u**2 - 30*u + 10. Let o(n) = 2*k(n) + 11*p(n). Let h = 3 - 10. Determine o(h).
5
Let o(r) = -r**2 + 2*r + 4. Suppose 4*p - 8 = -4*b, -5*p + 10*p - 10 = -3*b. Suppose -s + 6 = -b*s. Suppose x + s = -5*u, 2*x + 3*u - u = 4. What is o(x)?
-4
Suppose 4*p = 4*g + 8, 4*g + 7*p = 8*p + 4. Let j(w) = 100*w**g + 4 + 5*w - 99*w**2 - 3*w. Calculate j(-4).
12
Let q(o) = 1. Let b(k) = -k**2 - 5*k - 3. Let h(p) = -b(p) - q(p). Let w = -104 - -104. Let n = -5 - w. Give h(n).
2
Let c(s) = -13*s**2 + 3008 + 3*s + 2978 - 5951 - s**3. What is c(-13)?
-4
Let x(t) = t + 1. Suppose 14 = 3*k + 2. Suppose q = 4*j - 2*j, -5*q + 28 = k*j. Let n(z) = -5*z - 9. Let h(v) = q*x(v) + n(v). What is h(-5)?
0
Suppose -14 - 3 = -3*l + 4*w, 2*l + 3*w = 0. Let v(q) = q**2 + 4*q + 8. Let f(m) = m + 1. Let x(t) = -5*f(t) + v(t). What is x(l)?
9
Let d(r) = r**2 - 10*r + 13. Suppose 5*b + 22 = -2*t + 6*t, -2*b + 4 = 0. Determine d(t).
-3
Let x(u) = -18*u**3 - 3*u**2 + u**2 + 14 - 13. Suppose 12*z + 1 = 13*z. Give x(z).
-19
Suppose 3*t + 1 - 4 = 0. Let b be 12/4 + (6 - t). Suppose -24 = -b*r + 4*r. Let m(w) = w - 7. Calculate m(r).
-1
Let x(m) = m**2 + 8*m - 5. Let c(i) = -i**2 - 1. Let u(q) = 2*c(q) + x(q). Suppose 0 = -35*k + 40*k - 35. Calculate u(k).
0
Let i(x) = 3*x**2 + 2*x + 5. Suppose -2*u + 4 + 1 = 3*r, 4*r = u + 25. Let v(q) = -7*q**2 - 3*q - 10. Let t(b) = r*i(b) + 2*v(b). What is t(-4)?
5
Let o(q) = 10*q**2 - 2*q**3 + 2 - 2*q**2 + 0 - 5*q**2 - 2*q. Suppose 3*h + k + 3 = 4*k, -15 = -5*k. Determine o(h).
-6
Let t(l) be the third derivative of -l**5/60 + l**4/12 + l**3/2 + 24*l**2. Suppose -4*q = -2*h, 3 = -3*h + 3*q - 0*q. What is t(h)?
-5
Let f(n) = -n**2 + 6*n - 3. Let i be f(5). Let u(s) = i + 4*s**2 + 7*s**3 + s**2 - 9*s**3 + s**3 - 6*s. Give u(4).
-6
Suppose 31*n - 50 = 41*n. Let o(v) = v + 5. Calculate o(n).
0
Let t(q) be the first derivative of q + 11 - 1/2*q**2 + 1/4*q**4 + 0*q**3. Give t(-2).
-5
Let f(u) be the third derivative of -u**6/120 + u**5/30 + u**4/12 - u**3/2 + 3*u**2 - 11*u. Let a = -3 - -5. Let o be f(a). Let c(j) = -6*j + 1. Calculate c(o).
-5
Let s(c) = c**2 - 14*c + 8. Let o(f) = 2*f - 1. Let j(h) = o(h) + s(h). Give j(10).
-13
Let a(f) = f**3 + f**2 + f - 12. Let y be a(0). Let c be 1*y/1*-3. Suppose u + 5*i + c - 5 = 0, i - 1 = u. Let z(o) = o - 3. Determine z(u).
-9
Let a(n) be the first derivative of -n**3 - 3*n**2/2 - 5*n - 221. What is a(-2)?
-11
Let d(f) = -2*f**2 + 15*f + 19. Let k be d(8). Let c(z) = 2*z**2 - 22*z - 1. Let g be c(k). Let m(i) = 6*i. Give m(g).
-6
Let b(l) = -5*l**3 + 7*l**2 + 9*l - 4. Let s(m) = 3*m**3 - 4*m**2 - 5*m + 2. Let a(o) = -4*b(o) - 7*s(o). Calculate a(2).
-8
Suppose -5*m - 95 = 14*m. Suppose i + o - 10 = 3*o, 2 = 5*i + 2*o. Let d(z) = 5*z + 0 - 6 + z**i + 0*z**2. What is d(m)?
-6
Let p(l) be the third derivative of -l**5/60 + l**4/8 + l**3/3 + l**2 + 44. Determine p(5).
-8
Let o(r) = -r**3 + 4*r**2 + 6*r + 2. Let w = 68 + -51. Suppose -5*k - w = -42. What is o(k)?
7
Let c be (-1)/(1*2/8) - -4. Suppose w + 4 = 4*g - c*w, -5*g + 14 = w. Let y(m) = 3*m + 1. What is y(g)?
7
Suppose 0 = -n + 4 + 3. Let w(u) = u + 2 - u - n + u. Calculate w(0).
-5
Suppose 0 = -7*s - 459 + 431. Let i(o) = -3*o - 11. Determine i(s).
1
Suppose -3*w - d = -5*d - 28, 5*w - 32 = 3*d. Let n(j) = j**3 + j. Let a(o) = 3*o**3 + 6*o**2 - 3*o + 4. Let k(p) = -a(p) + 4*n(p). Determine k(w).
-8
Let s be 72/324 + (-25)/(-9). Let w(l) = l**2 - l - 7. Calculate w(s).
-1
Let d(b) = -10*b**2 - 42*b + 5. Let w(a) = 7*a**2 + 29*a - 3. Let k(j) = -5*d(j) - 7*w(j). Calculate k(-9).
14
Let l(z) be the second derivative of -z**5/20 - z**4/12 - z**3/6 + z**2/2 - 54*z. Determine l(1).
-2
Let v(b) = -1 + b**2 + 5 + 1 + 0 + 2 - 6*b. What is v(5)?
2
Let o(u) be the first derivative of 4*u + 12 - 2*u**2 - 5/3*u**3 - 1/4*u**4. Give o(-4).
4
Let m(f) be the third derivative of 1/60*f**5 - 5*f**2 + 0*f + 0 - 5/6*f**3 + 1/24*f**4. Let k be m(0). Let c(n) = -n**2 - 4*n - 4. Determine c(k).
-9
Let h(s) = -3*s**2 - 10*s + 10. Let x(r) = 2*r**2 + 7*r - 7. Let b(l) = -5*h(l) - 8*x(l). Suppose -2*v + 5*i - 14 + 4 = 0, -2*v + 2*i - 10 = 0. What is b(v)?
11
Let b(g) = -g**3 + 4*g**2 - g + 4. Let v be b(4). Let x(j) = -j**2 - j + 2. Let f be x(v). Let h(t) = t**3 - 4*t**2 + 3*t - 1. Calculate h(f).
-3
Let s(j) = -2*j**2 + 90*j**3 - 2*j - 1 - 40*j**3 - 51*j**3. Let x be 15/(-12) - (-2)/8. Calculate s(x).
0
Let y = 15 - 9.